 + 2*h - 3. Let v(m) = 7*a(m) + 4*b(m). Let l be 1 + -2 + (-2)/(-1). What are the prime factors of v(l)?
2, 3
Let d be (-462)/(-30) + 4/(-10). Suppose -3*y = 4*x - 18, -2*x - 5*y + 1 = -d. Suppose -x*w - 2*w + 75 = 0. What are the prime factors of w?
3, 5
What are the prime factors of (-24)/(-28)*(-70)/(-15)?
2
Suppose 43 + 107 = 5*a. What are the prime factors of a?
2, 3, 5
Let s(g) = g + 56. What are the prime factors of s(-9)?
47
Let m = 1 + 2. Suppose -7 = -a - 2*k, 0*k = 3*k - m. Suppose -h + 3 = -1, 37 = a*t - 2*h. List the prime factors of t.
3
Suppose 4*c - 3*g = 427, -3*c + 4*g = -g - 334. What are the prime factors of c?
103
Suppose 30 = -2*i + 7*i. What are the prime factors of 3 - 7/((-7)/i)?
3
Let c be 60/2 + 3 + -2. Let m(l) = l**2 + 6*l + 9. Let z be m(-6). Suppose t - c = -4*s, s - 5*s = -t - z. What are the prime factors of t?
11
Let y(f) = f - 14. What are the prime factors of y(16)?
2
Let b(w) = w**2 - 11*w + 15. Let l be b(10). Suppose 0 = l*d - 2*z - 88, -2*d - 4*z = -d - 22. Let n = 25 - d. What are the prime factors of n?
7
Let k = -30 + 64. List the prime factors of k.
2, 17
Let g(p) = p + 9. List the prime factors of g(14).
23
Let p(m) = -m**3 - 3*m**2 - m - 3. Let y be p(-3). Let b = 1 - y. Suppose 48 = 3*l + 5*s - b, -l + 3 = -s. What are the prime factors of l?
2
What are the prime factors of 32/(-6)*(-9 - -6)?
2
Let t = -5 - -15. Suppose -h = -2*x - 9, 2*h + h + 15 = 0. Let o = t + x. List the prime factors of o.
3
Let h be -4 + (-2)/(2 + 0). Let s = h - -3. Let l = 7 + s. What are the prime factors of l?
5
Suppose -3*s - 4*g - 36 = -7*g, 2*g = -s. Let t(x) = -1. Let c(b) = -b**2 - 7*b - 6. Let a(m) = -c(m) + 6*t(m). What are the prime factors of a(s)?
2
Suppose -2*s + 3*s = 0. Let v(q) = 9 - 3*q**2 + 2*q**2 + s*q**2. List the prime factors of v(0).
3
Let d = -4 + 7. Let m be (-1 - 0) + (d - -3). Let l(q) = 2*q**2 - 8*q + 7. List the prime factors of l(m).
17
Suppose -v - 256 = -5*i + 179, -i = -5*v - 63. Suppose 5*m - m = i. List the prime factors of m.
2, 11
Suppose -3*z = -2*y + 10 + 9, -21 = -3*y + 3*z. Let i be (-342)/(-27) - (-4)/(-6). Suppose -2*r + 4*r + 4*j = i, 2 = -y*j. What are the prime factors of r?
2
Let z(d) = d**3 - d**2 - 2*d. Let m be z(4). Suppose -q = 4*q - m. Let c = 18 - q. What are the prime factors of c?
2, 5
Let l = -3 - -6. Suppose -2*g + 21 = l*b, 4*g + 2*b = 2*g + 16. Suppose -4*q + g*q = -5. List the prime factors of q.
5
Let n(f) = f + 7. Let w be n(-5). Suppose k - r - 4 = 0, 0 = -3*k - w*r + 12 - 0. Let x(o) = o**2 - 3*o + 1. What are the prime factors of x(k)?
5
Let b = -37 + 43. What are the prime factors of b?
2, 3
Let o(k) = -2*k + 5. Let l be o(8). Let u = l + 23. List the prime factors of u.
2, 3
Let u = -23 + 26. Suppose g + 10 = u*g. List the prime factors of g.
5
Suppose -4*x - 5*u = -73, -5*u + 37 - 8 = 2*x. Suppose 4*v - x = z, -v - v + 4*z = -4. Suppose 5*b - v*b = -11. List the prime factors of b.
11
Let v = 14 + -21. Let s = -3 - v. Suppose 0*j = 4*j + 2*r - 26, 0 = -s*j - 5*r + 17. List the prime factors of j.
2
Let o(i) = -i**2 + 7*i + 2. Let j be o(7). Let x(r) = -7*r + 3. Let g be x(-5). Suppose 5*u - j = g. List the prime factors of u.
2
Let o be (-1)/(1/3) - -14. Let q = 25 - o. What are the prime factors of q?
2, 7
Let l be 2/(-4)*(-2 - -2). Suppose -5*a - 5*k = -85, -4*a + l*k + 2*k + 98 = 0. Suppose c = -c + a. What are the prime factors of c?
11
Suppose 0*h + 4*h - 16 = 0. Suppose -4*v - h = 0, 0 = -2*a + a - 4*v - 2. List the prime factors of a.
2
Let k = -4 + 8. Suppose -k*u - 4*i - 33 = -9*i, 0 = u + 4*i + 24. What are the prime factors of 8/(-20) - u/5?
2
Let m(o) = 6*o**2 + 4*o + 8. Let v(l) = 5*l**2 + 5*l + 8. Let p(h) = 4*m(h) - 5*v(h). Let f be p(-6). Let b = -4 + f. What are the prime factors of b?
2, 3
Let g(v) = v**2 + 16*v + 22. Let j = 2 - 19. List the prime factors of g(j).
3, 13
Let i(g) = g - 4*g**2 + 3*g**2 - 4*g + 2 + 2*g**2. Let f be i(-6). Suppose 5*w - w = f. What are the prime factors of w?
2, 7
Suppose -3*n + 4*k = 213, 2*n + 115 = 2*k - 27. Let c = n - -101. What are the prime factors of c?
2, 3, 5
Let x be ((-1)/3)/((-4)/(-24)). Let s(c) = -3*c**3 + c**2 - 2*c + 1. What are the prime factors of s(x)?
3, 11
Suppose 3*g = -2*g. What are the prime factors of (-15 - (3 - g))/(-1)?
2, 3
Let q(h) = 12*h - 28. List the prime factors of q(8).
2, 17
Let a(k) = -k**3 + 16*k**2 + k - 18. Let w be a(16). What are the prime factors of (-39)/(-6) - 1/w?
7
Let q = -39 + 102. What are the prime factors of q?
3, 7
Let v = -3 + 1. Let x be 0 + (v - -5) + 0. Suppose -x*y = 4*d, -d + 3*d + 2 = -y. What are the prime factors of y?
2
Suppose -6*u = -5*n - 3*u + 125, 2*n - u = 50. Let o be 2 + 0 + 2 - 0. Suppose -o*j = j - n. What are the prime factors of j?
5
Let d(v) = 2*v + 1. Let o be d(6). Let a = 24 - o. List the prime factors of a.
11
Suppose -8 = 3*z + 4*h, -z + h - 4*h - 1 = 0. Let k(n) be the third derivative of n**6/120 + n**5/12 + n**4/6 + n**3 - 2*n**2. List the prime factors of k(z).
2, 3
Let s(a) = a + 3. Let b(y) = y - 5. Let g be b(15). What are the prime factors of s(g)?
13
Let q(s) = s**2 + s + 18. Let n = 5 - 5. List the prime factors of q(n).
2, 3
Let k(v) = 10*v - 2. Let b be ((-8)/6)/((-4)/6). What are the prime factors of k(b)?
2, 3
Suppose -2*y + 400 = 3*u, 2*y + 2*u - 87 = 309. What are the prime factors of y?
2, 97
Suppose -3*p = 15, -2*s - 3*p + 58 = -87. List the prime factors of s.
2, 5
Suppose -j = -6 + 1. Suppose f + j = 12. Suppose -5*v + 3*u - f*u = -55, 2*v + u - 22 = 0. List the prime factors of v.
11
Let g(r) be the third derivative of r**6/120 - r**5/6 - 3*r**4/8 + 4*r**2. Let f be g(11). Suppose 5*a - 8 = f. List the prime factors of a.
2, 3
Suppose -w - 5 = -b - b, -b = 2*w - 10. Let l be (2/6)/(1/(-3)). Let t = l + w. What are the prime factors of t?
2
Let z be ((-5)/(-2) + -2)*0. Suppose -2*s + 0 + 4 = z. Suppose -6 = 2*w, 3*r - 3*w - 69 = -s*r. List the prime factors of r.
2, 3
Suppose 0 = 3*f - 5*f + 36. Let g = -10 + f. List the prime factors of g.
2
Suppose u + 2*u = 0. Suppose 15 + 12 = d + 5*z, 2*d + 2*z - 14 = u. List the prime factors of d.
2
Let c be (-4)/8 + (-94)/(-4). Suppose k - c = x - 3*x, -5*k + 3*x = -102. What are the prime factors of k?
3, 7
Suppose -6*g + 4*g = 32. What are the prime factors of (-1 - -1) + (3 - g)?
19
Let k = -68 - -118. List the prime factors of k.
2, 5
Suppose 0 = 5*c - 71 - 219. List the prime factors of c.
2, 29
Let q be 0 - -23*(-4 + 5). Suppose q + 67 = 3*f. List the prime factors of f.
2, 3, 5
Suppose 7*f - 240 = 3*f. Suppose 0 = 5*r + 10 - f. List the prime factors of r.
2, 5
Let k = 76 + -22. What are the prime factors of k?
2, 3
Let k(j) = -j**3 + 4*j**2 - 4*j + 2. Let y be k(2). What are the prime factors of (-3)/(y/(-28)*6)?
7
List the prime factors of 156*(44/(-12) + 4).
2, 13
Suppose -l - 49 = -209. Suppose l = 5*d - 55. What are the prime factors of d?
43
Suppose 0*l - 4*l = -12. Suppose -l*g + 69 + 0 = 0. What are the prime factors of g?
23
Let x(h) be the third derivative of h**7/840 - h**6/90 - h**5/40 + h**3/3 + h**2. Let s(k) be the first derivative of x(k). What are the prime factors of s(5)?
2, 5
Suppose 0 = 5*f + 14 + 56. Let l = 31 + f. List the prime factors of l.
17
Let o be (-88)/(-3) - 4/12. Let f = -12 + o. List the prime factors of f.
17
Let k be 1*-1*1*-19. Let s be 34 + (-4 + 3 - -1). Let n = s - k. What are the prime factors of n?
3, 5
Let h(a) = a**2 + a - 2. Let k be h(-3). Suppose -3*n + 6 = -k*m - 19, -3*n - m = -5. Suppose 2 + 0 = 2*v, -3*v + 45 = n*y. List the prime factors of y.
2, 7
Let h(d) be the second derivative of -d**5/120 + d**4/24 + d**3/6 - 2*d. Let n(t) be the second derivative of h(t). List the prime factors of n(-5).
2, 3
Suppose 17*v - 2368 = 1814. What are the prime factors of v?
2, 3, 41
Let c = 125 + -87. List the prime factors of c.
2, 19
Suppose -q = -0*q + 4*g - 1, 3*q + g = 14. Suppose 0*c = q*c - 15. List the prime factors of c.
3
Suppose 0 = -2*u - v + 5, v + 0*v + 23 = 5*u. List the prime factors of (-2 - (-16)/u) + 0.
2
Suppose -5*x - 4*z - 30 = 60, -2*z + 90 = -5*x. Let d = x + 40. What are the prime factors of d?
2, 11
Let s be (-156)/(-9) - 2/6. Let x = s + 0. What are the prime factors of x?
17
Let q(o) = -